ands digit of 14238?
4
What is the ten thousands digit of 26528?
2
What is the ten thousands digit of 13935?
1
What is the tens digit of 14832?
3
What is the units digit of 87861?
1
What is the tens digit of 708?
0
What is the hundreds digit of 7091?
0
What is the tens digit of 941?
4
What is the tens digit of 453?
5
What is the hundreds digit of 2025?
0
What is the hundreds digit of 270?
2
What is the tens digit of 3793?
9
What is the tens digit of 329?
2
What is the thousands digit of 8899?
8
What is the tens digit of 3100?
0
What is the tens digit of 74288?
8
What is the tens digit of 124?
2
What is the tens digit of 139326?
2
What is the thousands digit of 2795?
2
What is the units digit of 378?
8
What is the thousands digit of 2199?
2
What is the hundreds digit of 747?
7
What is the units digit of 627?
7
What is the tens digit of 41880?
8
What is the tens digit of 1560?
6
What is the hundreds digit of 299?
2
What is the hundreds digit of 49396?
3
What is the units digit of 17368?
8
What is the thousands digit of 5610?
5
What is the hundreds digit of 57037?
0
What is the tens digit of 2665?
6
What is the tens digit of 4091?
9
What is the units digit of 14260?
0
What is the tens digit of 2866?
6
What is the units digit of 10328?
8
What is the units digit of 1125?
5
What is the thousands digit of 90914?
0
What is the units digit of 15612?
2
What is the units digit of 2045?
5
What is the hundred thousands digit of 119688?
1
What is the units digit of 74036?
6
What is the units digit of 865?
5
What is the thousands digit of 1061?
1
What is the ten thousands digit of 32910?
3
What is the units digit of 18737?
7
What is the tens digit of 2811?
1
What is the hundreds digit of 4370?
3
What is the tens digit of 70624?
2
What is the units digit of 6359?
9
What is the hundreds digit of 273?
2
What is the units digit of 1933?
3
What is the thousands digit of 11611?
1
What is the hundreds digit of 18623?
6
What is the units digit of 2486?
6
What is the tens digit of 10349?
4
What is the units digit of 89?
9
What is the thousands digit of 1212?
1
What is the thousands digit of 1027?
1
What is the thousands digit of 33821?
3
What is the hundreds digit of 20832?
8
What is the thousands digit of 2273?
2
What is the ten thousands digit of 43216?
4
What is the thousands digit of 17164?
7
What is the units digit of 22826?
6
What is the ten thousands digit of 20094?
2
What is the ten thousands digit of 19854?
1
What is the tens digit of 60520?
2
What is the thousands digit of 14253?
4
What is the thousands digit of 55322?
5
What is the thousands digit of 31129?
1
What is the hundreds digit of 1229?
2
What is the tens digit of 34838?
3
What is the units digit of 1990?
0
What is the hundreds digit of 39048?
0
What is the thousands digit of 2730?
2
What is the hundreds digit of 82087?
0
What is the tens digit of 879?
7
What is the units digit of 13411?
1
What is the thousands digit of 4129?
4
What is the hundreds digit of 35795?
7
What is the hundred thousands digit of 109461?
1
What is the units digit of 13129?
9
What is the tens digit of 7655?
5
What is the hundreds digit of 1159?
1
What is the hundreds digit of 1932?
9
What is the tens digit of 3356?
5
What is the hundreds digit of 423?
4
What is the tens digit of 402?
0
What is the thousands digit of 3359?
3
What is the hundreds digit of 4144?
1
What is the units digit of 221?
1
What is the tens digit of 4679?
7
What is the hundreds digit of 46442?
4
What is the ten thousands digit of 18841?
1
What is the thousands digit of 16868?
6
What is the hundreds digit of 16702?
7
What is the thousands digit of 2379?
2
What is the units digit of 21294?
4
What is the tens digit of 8735?
3
What is the units digit of 4296?
6
What is the units digit of 3892?
2
What is the tens digit of 4518?
1
What is the thousands digit of 5104?
5
What is the tens digit of 1344?
4
What is the hundreds digit of 11056?
0
What is the units digit of 1810?
0
What is the hundreds digit of 14521?
5
What is the tens digit of 445?
4
What is the hundred thousands digit of 155623?
1
What is the tens digit of 25326?
2
What is the tens digit of 785?
8
What is the tens digit of 60035?
3
What is the hundreds digit of 6310?
3
What is the thousands digit of 164337?
4
What is the hundreds digit of 10963?
9
What is the hundreds digit of 19327?
3
What is the units digit of 148?
8
What is the tens digit of 76?
7
What is the units digit of 14002?
2
What is the hundreds digit of 3199?
1
What is the hundreds digit of 23642?
6
What is the thousands digit of 3882?
3
What is the units digit of 57?
7
What is the thousands digit of 2067?
2
What is the hundreds digit of 1317?
3
What is the units digit of 25294?
4
What is the thousands digit of 1466?
1
What is the units digit of 121816?
6
What is the units digit of 1834?
4
What is the hundreds digit of 4905?
9
What is the units digit of 13523?
3
What is the units digit of 3737?
7
What is the tens digit of 2237?
3
What is the ten thousands digit of 33887?
3
What is the ten thousands digit of 14033?
1
What is the tens digit of 2995?
9
What is the tens digit of 11581?
8
What is the tens digit of 2146?
4
What is the tens digit of 37?
3
What is the thousands digit of 4719?
4
What is the tens digit of 9062?
6
What is the units digit of 9583?
3
What is the units digit of 126?
6
What is the tens digit of 1214?
1
What is the hundreds digit of 121955?
9
What is the thousands digit of 3198?
3
What is the thousands digit of 25659?
5
What is the hundreds digit of 5730?
7
What is the thousands digit of 29668?
9
What is the tens digit of 1417?
1
What is the tens digit of 7784?
8
What is the hundreds digit of 1181?
1
What is the hundreds digit of 10183?
1
What is the tens digit of 7219?
1
What is the tens digit of 3202?
0
What is the thousands digit of 2190?
2
What is the units digit of 1892?
2
What is the tens digit of 886?
8
What is the tens digit of 18275?
7
What is the ten thousands digit of 12208?
1
What is the units digit of 77928?
8
What is the tens digit of 555?
5
What is the thousands digit of 40010?
0
What is the units digit of 430?
0
What is the units digit of 550?
0
What is the units digit of 28587?
7
What is the units digit of 1332?
2
What is the units digit of 1163?
3
What is the hundreds digit of 1683?
6
What is the hundred thousands digit of 114186?
1
What is the hundreds digit of 54273?
2
What is the tens digit of 2336?
3
What is the units digit of 2960?
0
What is the tens digit of 118962?
6
What is the thousands digit of 3837?
3
What is the tens digit of 2748?
4
What is the hundreds digit of 6309?
3
What is the hundreds digit of 31603?
6
What is the ten thousands digit of 13899?
1
What is the hundreds digit of 4276?
2
What is the hundreds digit of 4570?
5
What is the units digit of 1389?
9
What is the ten thousands digit of 23576?
2
What is the tens digit of 2464?
6
What is the tens digit of 7942?
4
What is the hundreds digit of 327?
3
What is the hundreds digit of 775?
7
What is the units digit of 192?
2
What is the thousands digit of 30972?
0
What is the tens digit of 346?
4
What is the tens digit of 1316?
1
What is the units digit of 41686?
6
What is the hundreds digit of 6963?
9
What is the tens digit of 3528?
2
What is the hundreds digit of 1094?
0
What is the hundreds digit of 948?
9
What is the hundreds digit of 36773?
7
What is the tens digit of 52531?
3
What is the ten thousands digit of 63355?
6
What is the units digit of 602?
2
What is the hundreds digit of 14067?
0
What is the units digit of 258?
8
What is the units digit of 17310?
0
What is the units digit of 883?
3
What is the tens digit of 15250?
5
What is the hundreds digit of 1673?
6
What is the hundreds digit of 758?
7
What is the units digit of 16109?
9
What is the units digit of 425?
5
What is the thousands digit of 85469?
5
What is the tens digit of 19981?
8
What is the units digit of 63137?
7
What is the units digit of 94754?
4
What is the hundreds digit of 79262?
2
What is the ten thousands digit of 17017?
1
What is the tens digit of 39?
3
What is the ten thousands digit of 132451?
3
What is the hundreds digit of 2879?
8
What is the tens digit of 799?
9
What is the units digit of 17107?
7
What is the units digit of 3546?
6
What is the unit